f 110 and j?
22
Let c = 11 + -11. Suppose 0*a - 22 = -l + 4*a, -3*l - 2*a + 136 = c. Let h(f) = -2*f. Let u be h(-7). What is the greatest common factor of u and l?
14
Suppose -l = -2*l + 48. What is the greatest common divisor of 16 and l?
16
Let t(r) = r**3 - r**2 + 2. Let s be t(0). Let m be ((-4)/(-2))/s*12. What is the greatest common factor of m and 30?
6
Suppose 17 = 4*u - 3*w, w - 21 = -3*u + u. Let n(k) = k + 13. Let a be n(-6). Let l = a + 57. Calculate the greatest common divisor of u and l.
8
Let u = 10 - -3. Suppose 2*j - 241 = -59. Calculate the greatest common factor of j and u.
13
Suppose 7*g - 23 = -2. Calculate the highest common factor of g and 5.
1
Suppose 3*k = 5*s + 345, -3*s - 364 = -5*k + 227. What is the greatest common divisor of 15 and k?
15
Let v = 135 + -95. Calculate the greatest common divisor of 440 and v.
40
Let j(y) = -y - 1. Let f(p) = -p**2 - p + 3. Let o be f(-3). Let c be j(o). Let i be (-1 - -5)/(c/4). What is the highest common divisor of 24 and i?
8
Let i = -11 - 9. Let c be 1486/5 + 4/i. What is the highest common factor of c and 33?
33
Let i = -1 + 9. Suppose 32 = 5*a + 3*x, -3*x + 40 - 16 = 3*a. What is the highest common factor of a and i?
4
Suppose -m - 3*y = -1, 17 = 2*m - 5*y - 7. Suppose 4*n - 9 = m. Calculate the greatest common factor of n and 32.
4
Let q = -6 + 11. Suppose 2*j - 284 = -5*k, -8*j + 3*j - q*k = -680. Suppose 2*s - j = 5*v - v, -v - 330 = -5*s. What is the greatest common divisor of 6 and s?
6
Let i(t) = t**3 - 3*t**2 + 2*t - 1. Let o be i(3). Calculate the highest common factor of o and 1.
1
Let f(c) = c**2 + 6*c - 11. Let z be f(-8). Let q = 6 - z. Let x = 0 + 4. What is the highest common divisor of q and x?
1
Let i be 0/((-2)/2)*1. Let g be 14 - (0 + (i - 0)). Let u be 2/(-7) + 74/g. What is the greatest common factor of 45 and u?
5
Let y(r) = -r**3 - 6*r**2 + 12. Let k be y(-6). What is the highest common divisor of 18 and k?
6
Suppose -39 - 3 = -3*q. Calculate the highest common divisor of 35 and q.
7
Suppose 5*l = -3*t + 49, t = 5*l - 0*t - 57. Suppose 0 = 4*r - 3*r - 11. Calculate the highest common divisor of r and l.
11
Let f be -64 - (-3 - -2) - 2. Let s be (-6)/(-9)*-3 - f. What is the highest common factor of s and 7?
7
Let m = 2 + 0. Suppose -16 = 5*j - 1. Let y be 5/(-15) + (-43)/j. What is the greatest common factor of y and m?
2
Let o = -3 - -11. Let p(h) = -o*h - 7 + h**3 + 2 + h**2 + 4*h**2. Let j be p(-6). Calculate the greatest common factor of 7 and j.
7
Let x = 140 + -70. Let b = -34 + 62. Calculate the highest common factor of x and b.
14
Let x(d) = -d + 3. Let a be x(0). Let b(m) = m**2 - 2*m. Let t be b(a). Suppose h + t*h - 96 = 0. What is the highest common divisor of h and 60?
12
Suppose -6*p + 100 = -4*p. Let g(k) = 3*k**2 - k. Let q be g(2). Calculate the greatest common divisor of p and q.
10
Let d be 9/(-6)*4/(-3). What is the greatest common divisor of 1 and d?
1
Let m = -52 + 62. Let u(x) = -8*x - 4. Let h be u(-3). Calculate the highest common divisor of m and h.
10
Let t = 21 - 20. Suppose -3*a + 39 = 3*j, 0*j - 2*j + 35 = 3*a. Suppose 4*b + 12 = 4*h, -9 = -a*h + 4*h + 2*b. Calculate the highest common divisor of t and h.
1
Let d be (-25)/(1 + 2/(-1)). Calculate the greatest common divisor of d and 275.
25
Let b(h) = -h**3 + 8*h**2 - 7*h - 6. Suppose 2*k = k + 6. Let w be b(k). Let m(x) = -3*x - 3. Let u be m(-5). What is the highest common divisor of w and u?
12
Let y = -154 + 407. Suppose 0 = 3*s - 15 + 3. Suppose 3*u + 0*u = -4*p + 65, -4*u - s*p = -88. Calculate the greatest common factor of u and y.
23
Suppose 9 = -w + 49. Let t be (-114)/(-2) + 0 + 3. What is the highest common divisor of t and w?
20
Let l(y) = 4*y**2 - 9*y + 6. Let j be l(6). Suppose 2*t + j = 6*t. Calculate the highest common factor of 12 and t.
12
Suppose -5*u - 4*i + 93 = -30, 5*u + i = 132. What is the greatest common divisor of 3 and u?
3
Suppose 166 = -2*l + 4*p + 490, -5*l = 4*p - 768. Calculate the greatest common factor of l and 39.
39
Suppose 42*r - 132 = 38*r. What is the greatest common divisor of 3 and r?
3
Let u(a) = 3*a**3 + 3*a**2 - 8*a + 2. Let t(d) = -d**3 + d**2 - 1. Let p(j) = 2*t(j) + u(j). Let b be p(-6). What is the highest common divisor of 4 and b?
4
Let z be (-1*2 - -4)*40. Suppose -3 = -3*t + 2*t. Suppose -t*l = -0*l - 30. What is the greatest common divisor of z and l?
10
Let z(q) = 3*q**3 + q**2 - q + 11. Let r be z(4). What is the greatest common factor of 86 and r?
43
Let a = 59 - 50. Calculate the highest common factor of 15 and a.
3
Suppose 8 = -l + 3*l. Suppose l*i - 85 = -p, 3*p + 1 = 16. Suppose -4*g + 20 = -0*g. Calculate the highest common factor of g and i.
5
Let g = -24 - -43. Let b = -99 + 175. What is the highest common factor of g and b?
19
Suppose -2*l - 28 = -4*l - 2*c, 3*c + 102 = 5*l. What is the highest common divisor of 126 and l?
18
Let z = 53 - 26. What is the highest common divisor of 27 and z?
27
Let a = 11 - 7. Suppose -4*y + 32 = -2*t, -4*t - t - 44 = -4*y. Let d be y/(-8) - 804/(-48). Calculate the highest common divisor of a and d.
4
Suppose 0 = g - 5*p - 24, -4*g - 5*p + 50 - 4 = 0. Calculate the greatest common factor of g and 35.
7
Let q(f) = 2*f + 2. Let p(j) = -j**3 + 6*j**2 + 7*j. Let c be p(7). Let s be q(c). What is the highest common divisor of s and 18?
2
Suppose 8 = -k + 2*k. Let y(h) = -h**3 + h**2 + h - 16. Let f be y(0). Let q = -8 - f. Calculate the greatest common divisor of q and k.
8
Let q = 0 - 0. Suppose 5*j - 2*j - 12 = q. Suppose -6*u + 4*u - 4*t = -104, 208 = 5*u - 3*t. What is the highest common factor of j and u?
4
Let l(i) = 0*i**3 - 6*i**2 + i + 0*i + 2*i**2 - i**3 - 3. Let v be l(-5). Suppose -5*d + 255 = -0*d. Calculate the greatest common factor of v and d.
17
Let c = -2 - -3. Suppose c = -2*t - 9. Let o = 10 + t. What is the greatest common factor of o and 10?
5
Let z be (-2)/10 + 1983/15. Suppose 48 = -2*v + 6*v. Calculate the highest common divisor of z and v.
12
Let y = 274 - 148. Let q be (-100)/(-7) + (-4)/14. Calculate the highest common divisor of q and y.
14
Let k be 4/(-22) - 404/(-44). Let v(x) = 4*x**2 + 6. Let l be v(-6). Let m = l - 51. What is the highest common divisor of k and m?
9
Let g = 9 + -7. Let b be ((-90)/(-35))/(g/14). Suppose 4*f = -2*o - 0*o + 38, 5*o + f = 50. Calculate the greatest common divisor of b and o.
9
Let y = 15 - 8. Let g be 7/2 - (-30)/20. Suppose -2*w - w - q + 18 = 0, g = -w - 4*q. What is the greatest common factor of w and y?
7
Suppose -3*h = -316 - 41. Let k(m) = 4*m + 15. Let l(n) = -n - 1. Let t(g) = k(g) + 5*l(g). Let s be t(-7). Calculate the greatest common divisor of h and s.
17
Let y = -5 + -1. Let n(g) = -g**3 - 8*g**2 - 13*g - 5. Let u be n(y). Calculate the highest common factor of 8 and u.
1
Suppose -2 + 22 = 4*j. Suppose f = j*f - 24. Suppose -x - 15 = -4*m - 35, 2*x = 3*m + 20. Calculate the highest common factor of x and f.
2
Suppose 45 = r - 0*r. Let d be 5/(-3)*-1*3. What is the highest common divisor of r and d?
5
Suppose 87 = -13*c + 2960. What is the greatest common divisor of 34 and c?
17
Let u = -9 - -29. Let f = u - 14. Suppose 21*g - 6 - 309 = 0. What is the greatest common factor of f and g?
3
Let z = -6 + 11. Suppose -4 = -z*s + 6. Let x(p) = 3*p**2 + p - 2. Let n be x(s). Calculate the highest common factor of n and 6.
6
Suppose 0*g + 2*g - 20 = 0. Let p be 12/(-30) + 334/g. What is the greatest common divisor of p and 3?
3
Suppose 0 = -2*w - 0*w - 2*a + 178, 0 = 2*w + 5*a - 190. What is the greatest common factor of w and 5?
5
Suppose t - 81 = -3*w + 5*t, -4*w + 108 = -5*t. Let i be 324/(-8)*14/(-3). What is the greatest common divisor of w and i?
27
Suppose -3*j = 4*w - 35, -j = -w + 3*j - 15. Let a = w + -3. What is the highest common divisor of 5 and a?
1
Let a(m) = -m**3 + 2*m**2 + 3*m - 1. Let c be a(3). Let y be c/(-2) - 5/10. Let g = y + 12. What is the greatest common factor of 12 and g?
12
Let p be 2/(-6) + (-2164)/(-12). Suppose -p + 60 = 2*t. Let j = t - -188. Calculate the highest common factor of 16 and j.
16
Let k = 88 + -43. Let s = -5 - -23. Calculate the highest common divisor of s and k.
9
Let w(c) = 8*c + 92. Let q be w(-7). Let a be (18/4)/(-3)*-6. What is the highest common factor of a 